+ 3*w + 12 = 5*b. Is p(b) a prime number?
False
Let i(u) = -132*u**2 + 2. Let q be i(-2). Let z = -349 - q. Is z composite?
True
Let p(n) = n**3 - 2*n**2 - 3*n + 4. Let m be p(5). Suppose 2*v - 4*v + 4 = 0. Suppose v*x + 159 = 3*t, 2*x = -t - x + m. Is t a composite number?
True
Let o = 2371 + -1322. Is o prime?
True
Let d(g) = 4*g**3 + 6*g**2 - 5*g - 2. Let j be ((-2)/4)/((-1)/10). Is d(j) prime?
False
Let z(o) = 1 - 2*o + 0 - 6 + o**2. Is z(-4) composite?
False
Let p(d) = -7 - 3*d**3 - d**3 - 2*d**3 + 5*d**3 + 2*d + 6*d**2. Let i be p(6). Suppose i*g - 30 = 85. Is g prime?
True
Let g(t) be the first derivative of t**2/2 - t - 2. Let p be g(1). Suppose 4*d + d - 235 = p. Is d prime?
True
Let g = 183 + 134. Is g a prime number?
True
Let m(j) = -j**2 + j + 3. Let g = 4 + -6. Let z = 2 + g. Is m(z) composite?
False
Is -121*(-2)/(0 + 2) a composite number?
True
Suppose y - q = -11, -2*y + q = -3 + 20. Let d be -1*0*(-3)/y. Suppose d = -3*b + 35 + 70. Is b prime?
False
Let s(l) = 3*l**2 - 6*l - 2. Is s(7) prime?
True
Let l(z) = z. Let j be l(5). Suppose -u + 1 = -j. Suppose -u*n - 2*t + 78 = -2*n, 2*n - 3*t - 51 = 0. Is n a composite number?
True
Suppose 0 = -2*q - q + 99. Suppose s + q + 81 = -5*f, -f - s - 26 = 0. Let p = 1 - f. Is p composite?
False
Suppose -2*u - 2*l + 2394 = 0, 2*u - 5*u = -5*l - 3575. Is u prime?
False
Let t be -6*(21/6 + -2). Is (12/t)/((-4)/222) a prime number?
False
Let j(h) be the second derivative of h**5/20 + h**4/12 + 143*h**2/2 + 8*h. Is j(0) a prime number?
False
Suppose 4*w - 2 = 10, 2*o - 5*w = -9. Suppose 0 = o*n - y - 4*y - 179, -4*n = 3*y - 200. Is n composite?
False
Suppose 5*q - 3*u - 5752 = -0*u, -u = -3*q + 3452. Is q prime?
True
Suppose -10*o = -12*o - 516. Let z = -179 - o. Is z a composite number?
False
Let a be (2/6)/(5/6555). Suppose -q - 2*o = -9, -4*q + 3*o + 21 = 6*o. Suppose q*r - a = -t, 588 = 5*r - r + 4*t. Is r a prime number?
False
Suppose 1101 = -3*s + 6*s. Is s composite?
False
Let q(w) = 11*w**2 - w - 13. Is q(14) composite?
False
Let q = -6 + 11. Suppose 2*x - 2*y = 6, -4*x + 1 + 7 = -q*y. Suppose v = 8 + x. Is v a prime number?
False
Let p(x) = 8*x + 7. Let w(c) = 4*c + 3. Let h(u) = -6*p(u) + 13*w(u). Let v be h(4). Suppose -4*y = v - 89. Is y a composite number?
False
Let t be 162 - (-3 + 5 - -1). Let n = t + 92. Is n a composite number?
False
Suppose -l + 124 = 3*l. Is l a prime number?
True
Let f(q) = -299*q - 21. Let x be f(-6). Suppose -3*j - 2*i + 1753 = 0, -6*j + 3*i + x = -3*j. Is j a composite number?
False
Let y(l) = 3*l + 18. Let f(c) = -c - 6. Let n(b) = -17*f(b) - 6*y(b). Let p be n(-4). Is 4/p*111/(-6) a prime number?
True
Let q(h) = -9*h - 19. Let w be q(-8). Let u = 66 + w. Is u prime?
False
Let f(q) = 59*q - 4. Let r be f(4). Let w = -106 - -255. Let l = r - w. Is l a composite number?
False
Let p(w) = 52*w**2 + 2*w - 1. Is p(4) prime?
True
Let j be (-2 - 3/(-3)) + -2024. Let d be 3/2 + j/(-10). Suppose -3*p - 12 = 0, 3*p + d = 4*f + 7*p. Is f composite?
True
Let u(j) = -4*j**3 - 3*j**2 - j - 5. Is u(-3) composite?
False
Let q = 747 + -524. Is q prime?
True
Let w(s) = s + 11. Let q be w(-9). Suppose 5*k = 37 - q. Is k a prime number?
True
Is 5 + -6 + -1 + -1 + 1216 a prime number?
True
Let n(h) = -3 + 1 + 3 + h + 5*h**2. Is n(2) a prime number?
True
Let r(h) = h**3 - 3*h**2 + 2*h - 4. Let v be r(3). Let a(u) = 36*u**3 + u**2 + 1. Is a(v) a composite number?
False
Suppose 113 = -3*f - 4*m - 3, 3*m + 117 = -3*f. Let w = f - -197. Is w prime?
True
Suppose 22 = -2*b + 5*x + 3, 3 = x. Let o = b + 6. Suppose 2*p = -5*h + 50 + 191, o*p + 155 = 3*h. Is h prime?
False
Let m = 79 + -145. Let k = m - -119. Is k a prime number?
True
Let d(w) = -4 + 11*w + 8*w + 5. Is d(2) a composite number?
True
Let x be (-1 - -2)/((-2)/58). Let k = -12 - x. Suppose t - 20 = k. Is t prime?
True
Is (41 - (1 - 0)) + -3 prime?
True
Let n be 5*(18/5 - 3). Suppose -n*b - 4435 = -8*b. Is b prime?
True
Let v(h) = -9 + 7*h**2 + 2*h - 4*h - h. Is v(-7) composite?
True
Let f(j) = -7*j + 3*j**3 - j**3 - j**3 - 4 + 5*j**2. Let o be f(-6). Suppose o*q = 70 - 26. Is q a prime number?
False
Let l be 294 - (2 + -3 + 4). Let u(j) = -74*j. Let m be u(1). Let a = l + m. Is a a prime number?
False
Let l(c) = 117*c + 2. Let a be l(2). Suppose -5*p + a = -p. Is p a prime number?
True
Let l(c) be the third derivative of c**6/120 - c**5/20 + c**4/6 - c**3/6 + 3*c**2. Is l(7) a composite number?
False
Suppose 0 = -o + 3*o - 4. Suppose 0 = -g + 80 - o. Suppose -r - r = -g. Is r prime?
False
Let c = 970 + -664. Let j(w) = -3*w - 5. Let i be j(-3). Suppose -c = -i*q + 50. Is q composite?
False
Let c = -3 - -3. Is -3 - c - (3 + -16) a composite number?
True
Let r = 243 - 167. Let u = r + -54. Is u a prime number?
False
Suppose -741 = -3*l - 0*l. Is l composite?
True
Let x = -486 + 877. Is x a composite number?
True
Let h(y) = -7*y + 2. Let z be (3 - 8) + 3 - 3. Let k be h(z). Let v = k - 18. Is v prime?
True
Suppose 5*i + 2*q - 10 = 5*q, 0 = i - q - 2. Suppose -i*f - 5 = 3*f. Is f/(-2) - (-101)/2 a prime number?
False
Let c be 6/4 + (-18)/12. Suppose -k - k + 3*j + 239 = 0, -k + 5*j + 130 = c. Is k a prime number?
False
Suppose -3*i + i - 127 = -5*h, 39 = h + 3*i. Let q be -12*(h/12 + -1). Is 10/(-5)*q/2 composite?
True
Let k(a) = -a - 4*a + 0*a + 2*a**2 - 7. Let q be k(5). Let g = 31 - q. Is g a composite number?
False
Let s be 5/(5/2)*-2. Let t be 2/s*(-2 - -2). Suppose t = 5*r - 166 - 79. Is r prime?
False
Suppose -13623 = -7*u + 1798. Is u a composite number?
False
Suppose -3*r + 5*r + 244 = 0. Suppose 25 = -5*h - 5*f + 2*f, 0 = 4*h + 4*f + 12. Is r/h - (-2)/(-8) a composite number?
True
Let q be (-2)/5 + 1568/20. Let m = q + 148. Suppose b = -b + m. Is b a prime number?
True
Suppose -2*l + 4*f + 278 = 0, 5*l = 2*f + 3*f + 710. Is l prime?
False
Let f = 21 - 3. Suppose 0 = u - 182 + f. Suppose -3*z + k = -u, -z = z - 3*k - 121. Is z prime?
True
Suppose 2*z - 5*w + 94 = -0*z, -3*w + 94 = -2*z. Suppose -314 = f - 5*f - a, 0 = 5*f + a - 392. Let p = z + f. Is p composite?
False
Suppose -3*u + 2*u = -4. Suppose u*v + r = 2*r + 73, v - 4*r = 7. Is v composite?
False
Let o = -22 - -16. Let s be 4*-6*(-62)/o. Let r = s - -439. Is r a prime number?
True
Let b be (-42)/(-18) - 2/(-3). Let y be (b - 0)/3 + 1. Suppose -30 = -y*d - d. Is d a composite number?
True
Let d(g) = 1164*g**2 + g + 2. Is d(-1) composite?
True
Suppose 2*c - 31 = 157. Is -3 + c/(2 - 1) a prime number?
False
Let c = -550 - -3317. Is c a prime number?
True
Let t be (-369)/45 - (-1)/5. Let b(g) be the second derivative of -g**5/20 - 2*g**4/3 - g**3/2 - 5*g**2/2 - g. Is b(t) composite?
False
Let h(v) be the third derivative of v**8/20160 - v**7/720 + v**6/90 + v**5/60 + v**2. Let n(o) be the third derivative of h(o). Is n(6) a composite number?
False
Suppose -79 = 3*r - 439. Suppose -2*y + 50 = -4*w, 0 = -4*y + 4*w - w + r. Is y prime?
False
Let f = -2 - -2. Suppose f = -4*i + 10 - 6. Is 2 + 162 + (0 - i) composite?
False
Let i(s) = s**2 + 12*s + 10. Let f be i(-10). Suppose -5 - 8 = v. Is (1 + f)*v/3 prime?
False
Suppose 0 = -5*i + 3*i + 3314. Is i a prime number?
True
Let g be (-6)/(-8)*(9 - 1). Let s(l) be the third derivative of -l**6/120 + l**5/10 + l**4/24 + 2*l**3/3 - l**2. Is s(g) a prime number?
False
Let r = 18 + -11. Suppose r - 4 = t. Suppose 51 = -2*i + t*i. Is i a prime number?
False
Is (-3 - -4)/((-1)/(-529)) a prime number?
False
Suppose 6*b - b = 0. Suppose -4*w = -2*t - 38, 2*w + 2*t + 17 - 39 = b. Is w composite?
True
Let j be 4*(-1 + -3 + 3). Is ((-2)/j)/(8/784) composite?
True
Is 1/(-5) + (-2496)/(-30) a composite number?
False
Let m(u) = 13*u**2 - 18*u + 21. Is m(6) prime?
False
Suppose 0 = -u + 4*u - 777. Let k = u + -96. Is k prime?
True
Is 1432/6 + 11/33 composite?
False
Suppose 6*g = g + 5. Let k be g*(1 - 2) - -1. Suppose j + k*j - 22 = 0. Is j a composite number?
True
Is 2/(-4) + 1054/4 a prime number?
True
Suppose -5*c - 3785 = -5*g, -5*g + 3817 = c + 2*c. Is g composite?
False
Let u(n) = -2*n**2 + 33*n - 35. Is u(14) a prime number?
False
Let t(m) = -2*m**3 - 12*m**2 + 3*m + 10. Is t(-7) a composite number?
True
Let j(r) = -r**3 - 6*r**2 - 2*r - 8. Let k be j(-6). Suppose 0 = k*d - 432 + 92. Is d a prime number?
False
Suppose 0 = f